{"id":202,"date":"2021-08-05T12:39:08","date_gmt":"2021-08-05T12:39:08","guid":{"rendered":"https:\/\/preview.maikelamelia.com\/?page_id=202"},"modified":"2021-08-06T11:21:03","modified_gmt":"2021-08-06T11:21:03","slug":"blog","status":"publish","type":"page","link":"https:\/\/preview.maikelamelia.com\/?page_id=202","title":{"rendered":"Blog"},"content":{"rendered":"<p>[et_pb_section fb_built=&#8221;1&#8243; _builder_version=&#8221;4.8.1&#8243; _module_preset=&#8221;default&#8221; background_color=&#8221;#714ea8&#8243; custom_padding=&#8221;30px||30px||true|false&#8221;][et_pb_row _builder_version=&#8221;4.8.1&#8243; _module_preset=&#8221;default&#8221;][et_pb_column type=&#8221;4_4&#8243; _builder_version=&#8221;4.8.1&#8243; _module_preset=&#8221;default&#8221;][dss_post_title _builder_version=&#8221;4.8.1&#8243; _module_preset=&#8221;default&#8221; title_text_color=&#8221;#FFFFFF&#8221; title_font_size=&#8221;3em&#8221;][\/dss_post_title][\/et_pb_column][\/et_pb_row][\/et_pb_section][et_pb_section fb_built=&#8221;1&#8243; _builder_version=&#8221;4.8.1&#8243; _module_preset=&#8221;default&#8221; hover_enabled=&#8221;0&#8243; background_color=&#8221;rgba(17,17,17,0.08)&#8221; sticky_enabled=&#8221;0&#8243;][et_pb_row _builder_version=&#8221;4.8.1&#8243; _module_preset=&#8221;default&#8221;][et_pb_column type=&#8221;4_4&#8243; _builder_version=&#8221;4.8.1&#8243; _module_preset=&#8221;default&#8221;][dgbm_blog_module _builder_version=&#8221;4.8.1&#8243; _module_preset=&#8221;default&#8221; posts_number=&#8221;3&#8243; show_categories=&#8221;off&#8221; show_author=&#8221;off&#8221; layout=&#8221;masonry&#8221; box_shadow_style_container=&#8221;preset1&#8243; border_radii_post_item=&#8221;on|5px|5px|5px|5px&#8221; container_padding=&#8221;||||false|false&#8221; article_margin=&#8221;||||false|false&#8221; article_padding=&#8221;||||false|false&#8221; content_padding=&#8221;20px|10px|10px|10px|false|true&#8221; show_more=&#8221;on&#8221; button_alignment=&#8221;center&#8221; button_bg_color=&#8221;#714ea8&#8243; read_more_text_color=&#8221;#FFFFFF&#8221; read_more_text=&#8221;Leer m\u00e1s&#8221; button_margin=&#8221;25px||25px||true|false&#8221; button_padding=&#8221;10px|10px|10px|10px|true|true&#8221; border_radii_read_more=&#8221;on|20px|20px|20px|20px&#8221; content_font=&#8221;|300|||||||&#8221; date_text_color=&#8221;#714ea8&#8243; title_text_color=&#8221;#714ea8&#8243; title_font_size=&#8221;22px&#8221; title_font=&#8221;|700|||||||&#8221; sticky_enabled=&#8221;0&#8243; pagination_text_align=&#8221;center&#8221; background_color=&#8221;#FFFFFF&#8221; text_margin=&#8221;15px||||false|false&#8221; date_font=&#8221;|300|||||||&#8221;][\/dgbm_blog_module][\/et_pb_column][\/et_pb_row][\/et_pb_section]<\/p>\n","protected":false},"excerpt":{"rendered":"<p><div class=\"et_pb_module dss_post_title dss_post_title_0\">\n\t\t\t\t\n\t\t\t\t\n\t\t\t\t\n\t\t\t\t\n\t\t\t\t<div class=\"et_pb_module_inner\">\n\t\t\t\t\t<h1 class=\"dss_post_title_title\"><\/h1>\n\t\t\t\t<\/div>\n\t\t\t<\/div><div class=\"et_pb_module dgbm_blog_module dgbm_blog_module_0\">\n\t\t\t\t\n\t\t\t\t\n\t\t\t\t\n\t\t\t\t\n\t\t\t\t<div class=\"et_pb_module_inner\">\n\t\t\t\t\t<div class=\"dg-blog-module\">\r\n\t\t\t\t\t\t\t<div class=\"dg-blog-inner-wrapper column-3 column-tablet-2 column-mobile-1 image-top\">\r\n\t\t\t\t\t\t\t\t<div class=\"et_pb_ajax_pagination_container\">\r\n\t\t\t\t\t\t\t\t\t<div class=\"dg-blog-masonry et_pb_salvattore_content\" data-columns=\"3\">                <article id=\"post-275\" class=\"dgbm_post_item v2 post-275 post type-post status-publish format-standard has-post-thumbnail hentry category-uncategorized\" >\r\n                    <div class=\"dg-post-thumb\" > <a class=\"featured-image-link\"  href=\"https:\/\/preview.maikelamelia.com\/?p=275\"><img loading=\"lazy\" decoding=\"async\" src=\"https:\/\/preview.maikelamelia.com\/wp-content\/uploads\/2021\/08\/Es-muy-complicado-ser-profesional-y-madre-y-querer-cumplir-bien-con-todo-pero-no-es-imposible-cuenta-a-Cubadebate-la-actriz.-Foto-cortesia-de-la-entrevistada-580x512-1-400x250.jpg\" alt=\"Maikel Amelia: \u201cMi misi\u00f3n es llevar paz a donde quiera que voy\u201d\" class=\"\" srcset=\"https:\/\/preview.maikelamelia.com\/wp-content\/uploads\/2021\/08\/Es-muy-complicado-ser-profesional-y-madre-y-querer-cumplir-bien-con-todo-pero-no-es-imposible-cuenta-a-Cubadebate-la-actriz.-Foto-cortesia-de-la-entrevistada-580x512-1.jpg 479w, https:\/\/preview.maikelamelia.com\/wp-content\/uploads\/2021\/08\/Es-muy-complicado-ser-profesional-y-madre-y-querer-cumplir-bien-con-todo-pero-no-es-imposible-cuenta-a-Cubadebate-la-actriz.-Foto-cortesia-de-la-entrevistada-580x512-1-400x250.jpg 480w \" sizes=\"auto, (max-width:479px) 479px, 100vw \"  width=\"400\" height=\"250\" \/><\/a><\/div>                                            <div class=\"content-wrapper\">\r\n                                                        <h2 class=\"dg_bm_title\"><a href=\"https:\/\/preview.maikelamelia.com\/?p=275\">Maikel Amelia: \u201cMi misi\u00f3n es llevar paz a donde quiera que voy\u201d<\/a><\/h2>                            <p class=\"post-meta post-meta-position-default\"><span class=\"published\">Ago 30, 2021<\/span><\/p>                            <div class=\"post-content\">Maikel Amelia Reyes Fern\u00e1ndez no necesita m\u00e1s carta de presentaci\u00f3n que la cuban\u00eda, la sencillez y el arte. Tal vez ...<\/div>                            <div class=\"dg_read_more_wrapper\"><a class=\"read-more\" href=\"https:\/\/preview.maikelamelia.com\/?p=275\" ><span>Leer m\u00e1s<\/span><\/a><\/div>                                                        \r\n                        <\/div>\r\n                                    <\/article>\r\n                                <article id=\"post-268\" class=\"dgbm_post_item v2 post-268 post type-post status-publish format-standard has-post-thumbnail hentry category-prensa\" >\r\n                    <div class=\"dg-post-thumb\" > <a class=\"featured-image-link\"  href=\"https:\/\/preview.maikelamelia.com\/?p=268\"><img loading=\"lazy\" decoding=\"async\" src=\"https:\/\/preview.maikelamelia.com\/wp-content\/uploads\/2021\/08\/ma-gallery-item-023-400x250.jpg\" alt=\"La instructora Luc\u00eda\" class=\"\" srcset=\"https:\/\/preview.maikelamelia.com\/wp-content\/uploads\/2021\/08\/ma-gallery-item-023.jpg 479w, https:\/\/preview.maikelamelia.com\/wp-content\/uploads\/2021\/08\/ma-gallery-item-023-400x250.jpg 480w \" sizes=\"auto, (max-width:479px) 479px, 100vw \"  width=\"400\" height=\"250\" \/><\/a><\/div>                                            <div class=\"content-wrapper\">\r\n                                                        <h2 class=\"dg_bm_title\"><a href=\"https:\/\/preview.maikelamelia.com\/?p=268\">La instructora Luc\u00eda<\/a><\/h2>                            <p class=\"post-meta post-meta-position-default\"><span class=\"published\">Ago 13, 2021<\/span><\/p>                            <div class=\"post-content\">Maikel Amelia Reyes, el personaje de Luc\u00eda en el programa televisivo Tras la Huella, es una manzanillera que ha incursi...<\/div>                            <div class=\"dg_read_more_wrapper\"><a class=\"read-more\" href=\"https:\/\/preview.maikelamelia.com\/?p=268\" ><span>Leer m\u00e1s<\/span><\/a><\/div>                                                        \r\n                        <\/div>\r\n                                    <\/article>\r\n                                <article id=\"post-264\" class=\"dgbm_post_item v2 post-264 post type-post status-publish format-standard has-post-thumbnail hentry category-prensa\" >\r\n                    <div class=\"dg-post-thumb\" > <a class=\"featured-image-link\"  href=\"https:\/\/preview.maikelamelia.com\/?p=264\"><img loading=\"lazy\" decoding=\"async\" src=\"https:\/\/preview.maikelamelia.com\/wp-content\/uploads\/2021\/08\/ma-gallery-item-003-400x250.jpg\" alt=\"Actriz cubana Maikel Amelia: \u201cA un actor nunca le puede faltar fe en lo que hace y convicci\u00f3n\u201d\" class=\"\" srcset=\"https:\/\/preview.maikelamelia.com\/wp-content\/uploads\/2021\/08\/ma-gallery-item-003.jpg 479w, https:\/\/preview.maikelamelia.com\/wp-content\/uploads\/2021\/08\/ma-gallery-item-003-400x250.jpg 480w \" sizes=\"auto, (max-width:479px) 479px, 100vw \"  width=\"400\" height=\"250\" \/><\/a><\/div>                                            <div class=\"content-wrapper\">\r\n                                                        <h2 class=\"dg_bm_title\"><a href=\"https:\/\/preview.maikelamelia.com\/?p=264\">Actriz cubana Maikel Amelia: \u201cA un actor nunca le puede faltar fe en lo que hace y convicci\u00f3n\u201d<\/a><\/h2>                            <p class=\"post-meta post-meta-position-default\"><span class=\"published\">Ago 13, 2021<\/span><\/p>                            <div class=\"post-content\">menor. Al ver que era hembra,\u00a0su mam\u00e1 le hizo caso a una prima y la llam\u00f3 Maikel,\u00a0acompa\u00f1ado por el Amelia de su ab...<\/div>                            <div class=\"dg_read_more_wrapper\"><a class=\"read-more\" href=\"https:\/\/preview.maikelamelia.com\/?p=264\" ><span>Leer m\u00e1s<\/span><\/a><\/div>                                                        \r\n                        <\/div>\r\n                                    <\/article>\r\n                <\/div><div class=\"pagination clearfix\">\n\t<div class=\"alignleft\"><a href=\"https:\/\/preview.maikelamelia.com\/index.php?rest_route=%2Fwp%2Fv2%2Fpages%2F202&#038;paged=2&#038;et_blog\" >&laquo; Entradas m\u00e1s antiguas<\/a><\/div>\n\t<div class=\"alignright\"><\/div>\n<\/div> \r\n\t\t\t\t\t\t\t\t<\/div>\r\n\t\t\t\t\t\t\t<\/div>\r\n                        <\/div>\n\t\t\t\t<\/div>\n\t\t\t<\/div><\/p>\n","protected":false},"author":1,"featured_media":0,"parent":0,"menu_order":0,"comment_status":"closed","ping_status":"closed","template":"","meta":{"_et_pb_use_builder":"on","_et_pb_old_content":"","_et_gb_content_width":"","footnotes":""},"class_list":["post-202","page","type-page","status-publish","hentry"],"_links":{"self":[{"href":"https:\/\/preview.maikelamelia.com\/index.php?rest_route=\/wp\/v2\/pages\/202","targetHints":{"allow":["GET"]}}],"collection":[{"href":"https:\/\/preview.maikelamelia.com\/index.php?rest_route=\/wp\/v2\/pages"}],"about":[{"href":"https:\/\/preview.maikelamelia.com\/index.php?rest_route=\/wp\/v2\/types\/page"}],"author":[{"embeddable":true,"href":"https:\/\/preview.maikelamelia.com\/index.php?rest_route=\/wp\/v2\/users\/1"}],"replies":[{"embeddable":true,"href":"https:\/\/preview.maikelamelia.com\/index.php?rest_route=%2Fwp%2Fv2%2Fcomments&post=202"}],"version-history":[{"count":4,"href":"https:\/\/preview.maikelamelia.com\/index.php?rest_route=\/wp\/v2\/pages\/202\/revisions"}],"predecessor-version":[{"id":244,"href":"https:\/\/preview.maikelamelia.com\/index.php?rest_route=\/wp\/v2\/pages\/202\/revisions\/244"}],"wp:attachment":[{"href":"https:\/\/preview.maikelamelia.com\/index.php?rest_route=%2Fwp%2Fv2%2Fmedia&parent=202"}],"curies":[{"name":"wp","href":"https:\/\/api.w.org\/{rel}","templated":true}]}}